rs of b.
29
Suppose 23*v = 24*v, 5*v - 25998 = -3*q. List the prime factors of q.
2, 7, 619
Let b be (8*6)/3*(-2)/(-2). Suppose -151 = -b*s + 15*s. List the prime factors of s + ((-12)/3 - 0 - -8).
5, 31
Suppose 0 = p - 2. Suppose -q + 277 = p*f, 450 = 3*q - 3*f - 408. What are the prime factors of q?
283
Let u = -40 + 42. Suppose -330 = -u*t - 30. Let j = t + -77. List the prime factors of j.
73
Let q(c) = c**3 + 9*c**2 + 14*c + 2. Let n be q(-7). Suppose 0 = n*i + 6*i - 80. Suppose 18 = -i*l + 11*l. List the prime factors of l.
2, 3
Let r(d) = -6*d - 29. Let l be r(-7). Let y(i) = i**2 - 9*i + 12. Let x be y(l). Let b = x + 1. List the prime factors of b.
5, 13
Suppose 4*q - 18001 = -r, -57*q = -3*r - 59*q + 54023. What are the prime factors of r?
3, 23, 29
List the prime factors of (-32)/24*457*5/(10/(-12)).
2, 457
Let x(w) = w**3 - w**2 - 2*w - 3. Let f be x(0). Let n = f - -2. What are the prime factors of 74 - -1*(0 + n)?
73
Suppose -21 = p - 90. Suppose 2*r - p = 1. What are the prime factors of r?
5, 7
Let s(a) = -a**2 - 15*a + 3. Let x = 94 - 64. Suppose 2*g + 0 = 5*o - x, 3*g = 3*o - 36. What are the prime factors of s(g)?
53
Suppose -3*x + 4*x + 125 = g, 0 = -3*g - 4*x + 410. Let u = -1149 - -1153. Suppose u*r - g = 166. List the prime factors of r.
2, 37
List the prime factors of (-5977 - -33 - 12)/((-1)/8).
2, 1489
Suppose -2*a + 28 = 2*u, 5*a - 58 = 4*u - 6. Suppose -16*m + 8 = -a*m. Let g = 5 - m. List the prime factors of g.
3
Let j = -2966 - -4154. List the prime factors of j.
2, 3, 11
Suppose -92*q = -244*q + 997424. List the prime factors of q.
2, 17, 193
Suppose -5*f = 12*f - 3927. Suppose 4*k - 61 - 8 = -u, -4*k + f = 3*u. What are the prime factors of u?
3
What are the prime factors of (-483)/(-2)*(-385776)/(-1974)?
2, 3, 19, 23
Let m(v) = -24*v + 307. Let c = 737 - 751. List the prime factors of m(c).
643
What are the prime factors of (-109189)/(-3) + 63/((-4725)/(-50))?
17, 2141
Let g(f) = -19*f - 142. Let l be g(-8). Suppose l*m + 478 = 12*m. List the prime factors of m.
239
Let x be -24 - (5 + (-10 - -5)). Let n = 237 + x. List the prime factors of n.
3, 71
Let p = 17788 + -14559. What are the prime factors of p?
3229
Suppose -180*k + 6903520 = 80*k. List the prime factors of k.
2, 3319
Suppose 5*c - w - 15 = 0, -c = w + 4*w - 3. Suppose t - 5*t + c*b = -1062, b + 794 = 3*t. What are the prime factors of t?
2, 3, 11
What are the prime factors of 80/8 + 10754 - 14?
2, 5, 43
Let t(d) = -7*d**3 - 4*d**2 - 6*d + 8. Let i be t(-4). Suppose -334 = -2*k + i. What are the prime factors of k?
3, 5
Let w be -1*5 + 13509/(-19). Let v = 1004 + w. What are the prime factors of v?
2, 3
List the prime factors of (-32184)/756*7/(-2).
149
Let q = -1 + 1. Let n be (11/(1 + q))/((-1)/11). What are the prime factors of 2/(-10)*0 - n?
11
Suppose 0 = c - 4*g - 62, -4*c + 131 + 197 = 4*g. Let n = c - -43. Let y = 223 - n. List the prime factors of y.
2, 3, 17
Suppose 3*l - 2 = 4. Suppose l*v + 4*g = -157 + 753, -5 = -5*g. List the prime factors of v.
2, 37
Let y(j) = 2*j**3 - 32*j**2 + 27*j - 1. Let k be y(16). Suppose -429*q = -k*q + 3170. What are the prime factors of q?
5, 317
Let p(c) = 2574*c**2 + c - 26. List the prime factors of p(4).
2, 11, 1871
Let z(d) = -21 - 5*d**2 + 166*d - 345*d + 167*d - 3*d**2 - 2*d**3 - 2*d**2. List the prime factors of z(-6).
3, 41
Let z(b) = b**2 - 2*b - 11. Let h be z(4). What are the prime factors of h/(-3)*173*2?
2, 173
Let r(i) = -1980*i + 1233. List the prime factors of r(-7).
3, 13, 43
Let o = 117 + 13. Let j = 84 + -138. Let z = o + j. List the prime factors of z.
2, 19
Suppose -p + 305 + 1492 = 4*l, 3576 = 2*p + 2*l. Suppose 2*k = 3*z + 2*z + p, -4*k + 4*z + 3600 = 0. List the prime factors of k.
5, 181
Let l be (-5 + -85)/5*1. Let v = l - -22. Suppose 0 = -v*q - q + 805. What are the prime factors of q?
7, 23
Suppose 0 = -1562*x + 1567*x - 22825. List the prime factors of x.
5, 11, 83
Suppose -603 = -4*d - 3*j, -13 = -2*j - 11. Suppose d*v - 1944 = 141*v. List the prime factors of v.
2, 3
Suppose 2*z - 5*q - 24088 = 0, 2*z + 113*q - 116*q = 24080. What are the prime factors of z?
2, 11, 547
Suppose 177*m - 1199612 - 8948814 = -102260. List the prime factors of m.
2, 13, 37, 59
Suppose -2*d + 10 = f + 4, 5*f = 3*d - 9. Suppose f = -7*l - l + 6648. List the prime factors of l.
3, 277
Let p(a) = -189*a**3 + 20*a**2 + 100*a - 8. What are the prime factors of p(-4)?
2, 19, 79
Let w(k) = -k**2 - 7*k + 98. Let i be w(7). Suppose z + 416 = 4*z + j, i = -z - 3*j + 152. List the prime factors of z.
137
Let q be -1 + (10 - 4) + 1230. Suppose -5*w + 743 = -2*w + l, l = -5*w + q. What are the prime factors of w?
2, 3, 41
Let f = -133 + 127. List the prime factors of (-2834)/(-8) + f/24.
2, 3, 59
Let j(u) = -5*u - 6 + 38*u**2 - 5 + 0*u + 7*u. Let d be j(3). Let k = d + -116. What are the prime factors of k?
13, 17
Let z(i) = 2*i**3 + 112*i**2 + 62*i - 56. List the prime factors of z(-48).
2, 4229
Let v(u) = 39*u**2 - 52*u - 251. Let j be v(-5). Let g = j + -640. What are the prime factors of g?
2, 43
Let k = 1127 + -473. Suppose 2*g = 8*g - k. Let d = -99 + g. List the prime factors of d.
2, 5
Let c be (1 - 2)*(4 + -11). Suppose -p - c = -34. What are the prime factors of p?
3
Let t(x) = x**3 - 26 - 3*x + 858*x**2 + 11*x - 862*x**2. List the prime factors of t(12).
2, 13, 47
Suppose -32*b + 31*b + 4 = 0. Suppose -b*x + 15 = -5*m, m = -3*m + 4*x - 16. Suppose 189 = -5*j + 6*j - 3*a, 0 = -a - m. What are the prime factors of j?
2, 3, 31
Let f = 187 - 363. Let n = 344 + f. List the prime factors of n.
2, 3, 7
Let z = -9162 - -16905. List the prime factors of z.
3, 29, 89
Suppose -1130*s = -1214*s + 1365756. List the prime factors of s.
71, 229
Let n = -477 - -473. What are the prime factors of n + 38/8 + 47541/52?
3, 5, 61
Let f = -4167 + 15532. List the prime factors of f.
5, 2273
Let k(x) = -x**3 - 9*x**2 - 11*x - 9. Let c be k(-8). Let b be (-1232)/(-10) + (-3)/c. Let p = 244 - b. What are the prime factors of p?
11
Let w(y) be the second derivative of -y**4/12 - 9*y**3/2 + 5*y**2/2 - 68*y. List the prime factors of w(-14).
11, 17
Let c(a) = 5*a + 41. Let h be c(-8). What are the prime factors of 678*h + (3 - (-6 + 13))?
2, 337
Suppose -2*f = 5*i - 2, 2*i - 3*f - 12 - 4 = 0. Suppose 5*n + q - 2*q - 2022 = 0, -i*q = -5*n + 2024. List the prime factors of n.
2, 101
Let t(k) = k**2 - 16*k + 66. Let n be t(9). Suppose -5*v - 820 = 4*p - 9*p, p - n*v - 170 = 0. List the prime factors of p.
7, 23
Suppose -5 - 10 = -3*d. Let t be d + -2 + -2 + 1. Suppose -71 - 379 = -5*i - 5*c, -i - t*c = -92. List the prime factors of i.
2, 11
Suppose -i - 8*q - 1 = -9*q, 0 = -2*i - 3*q - 7. What are the prime factors of i - (-297 - (1 - -4))?
2, 3, 5
Let q(j) = j + 16. Let d be (3 + -4)/(1/(-5)). Let c be q(d). Suppose 19*y = c*y - 296. List the prime factors of y.
2, 37
Let b(y) = -37*y**3 + 10*y**2 + 25*y - 2. Let c be b(-5). Suppose 5*z = -27*u + 22*u + 5960, 4*u = z + c. What are the prime factors of u?
2, 3, 11
Let f(m) be the third derivative of m**5/12 + 17*m**4/24 + 3*m**3/2 - m**2 - 11. What are the prime factors of f(8)?
3, 5, 31
What are the prime factors of (-8256)/144*(-2283)/4?
43, 761
Suppose 59740 = 15*u - 9*u + 23*u. What are the prime factors of u?
2, 5, 103
What are the prime factors of 21 - (-2079)/(-105) - (-373998)/10?
3, 7, 13, 137
Suppose 0 = -2*i + 5*i + 6. Let w = 658 - 666. List the prime factors of 171/2 - (12/w - i).
5, 17
What are the prime factors of (-100878672)/(-3759) + 3/(-42)*-6?
47, 571
Let t(r) = 1773*r**2 + 65*r - 183. List the prime factors of t(3).
3, 5323
Let v(h) = h + 43 - 18 - 51 + 2*h**3 + 15*h**2. What are the prime factors of v(-7)?
2
Suppose r + 347 = -4*a + 4*r, -5*r = 4*a + 371. Let b = -82 - a. Let w(v) = 14*v - 20. List the prime factors of w(b).
2, 3, 13
Let a(p) = p**3 + 30*p**2 - 53*p - 25. Suppose 10*l = -326 + 16. List the prime factors of a(l).
3, 73
Let s(f) = 24097*f**2 + 114*f + 3. List the prime factors of s(1).
2, 12107
Suppose -70*o = -68*o, -3*c = 4*o - 11535. List the prime factors of c.
5, 769
Suppose 2*d - 253 = 3*m + 138, -5*m + 228 = d. Let w be 0 - (-3 + 2) - 101. Let g = d + w. What are the prime factors of g?
103
Let a = -77 + 109. What are the prime fac